 n(-10) is divided by h?
31
What is the remainder when 1269 + 9 + -2*3/6 is divided by 16?
13
Let f be ((-10)/8)/((-4)/16). Suppose 3*b + 4*r = 38, 0*b + f*b = -3*r + 56. What is the remainder when b is divided by (-58)/(-10) - (-2)/10?
4
Suppose -5*y - 192 = -z, z - 4*z = 5*y - 636. What is the remainder when z is divided by 42?
39
Let u = -25 - -51. Let m = u + -9. Calculate the remainder when 48 is divided by m.
14
Suppose 3*i = 4*t - 141, 5*t + 8*i = 9*i + 179. Let w = 0 + 8. What is the remainder when t is divided by w?
4
Suppose -3*z + 5*m + 267 = 0, z - 9*m = -13*m + 72. Calculate the remainder when z is divided by 72.
12
Suppose 5*c + 34 = -231. Let l = c + 78. Suppose -3*f + 210 = 3*h, f + 0*h - 68 = -2*h. Calculate the remainder when f is divided by l.
22
Let t = -19 + 13. Let a be (-15)/10*64/t. Let n = a - 0. What is the remainder when n is divided by 6?
4
Suppose 0 = 5*h - 25, -2*d + 5*h + 0*h = 11. Calculate the remainder when 175/d - 1/(-1) is divided by 7.
5
Suppose -5*m + 2*l + 802 = 0, -3*m + 5*l + 46 + 420 = 0. Suppose b + m = 4*b. What is the remainder when b is divided by 11?
10
Suppose -12 = 3*x, -4 = l + 5*x + 15. Calculate the remainder when 111 is divided by l/(4 - 364/92).
19
Let j = -1177 - -1193. Let u(r) = 11*r - 3. Let t(f) = 12*f - 4. Let p(v) = -4*t(v) + 5*u(v). What is the remainder when p(4) is divided by j?
13
Let b = -3 - -5. Suppose 4*c - 7 = -4*t + 73, 5*t + 75 = b*c. What is the remainder when c is divided by 14?
11
Suppose -160*q + 166*q = 204. What is the remainder when 475 is divided by q?
33
Let h = 10 + -5. Let r(l) = -l**2 - 5*l + 38. Let t be r(-8). Let w = t + h. What is the remainder when 34 is divided by w?
15
Suppose 92*i + 5185 = 177*i. Suppose 3*h - 68 = -h. What is the remainder when i is divided by h?
10
Let v(s) = -3*s**3 + 2*s**2 - 6. What is the remainder when 256 is divided by v(-2)?
22
Suppose 4*n - 166 = -2*a, 7 = 3*a - 2. Suppose -4*k + 0*k + 28 = 0. What is the remainder when (4*15/n)/((-6)/(-52)) is divided by k?
6
Let s(t) = 4*t + 3. Let y(q) = -q**2 + 5*q + 9. Let h be y(6). Suppose -2*o - 3*m + 44 = 15, m + 38 = h*o. What is the remainder when s(5) is divided by o?
10
Let a = -16 + 18. Suppose 0 = c + a*u - 17, 0*c = -3*c - 4*u + 55. Suppose 17 = -4*k + 61. Calculate the remainder when c is divided by k.
10
Let r = 2206 - 2031. Calculate the remainder when r is divided by 91.
84
What is the remainder when -2 - (-6 + 1) - (8 + -47) is divided by 29?
13
Calculate the remainder when 0 + -1 + 42 + (-15 - -8) is divided by 24.
10
Suppose 0 = 5*x + 2*w - 56, 7*w = -2*x + 11*w + 8. Suppose -r + 8*j + x = 4*j, 2*r = j + 41. Calculate the remainder when 55 is divided by r.
11
What is the remainder when 41 is divided by 504/60 - (-3)/5?
5
Let n be 6/39 - (-349)/13. Let o(u) = -7 + 8*u - n + 5. Calculate the remainder when o(13) is divided by 20.
15
Calculate the remainder when (-35)/(-10)*(7 - 23715/(-63)) is divided by 84.
82
Suppose 4*o = -o. Let l be (o/4 - 1) + 3. Suppose f = -s + 14, 4*s - l*f - 5 = 3*s. What is the remainder when 21 is divided by s?
10
Let s = 14 - 6. Suppose -9*m + 198 = -153. Calculate the remainder when m is divided by s.
7
Let z = 9 - 6. Let v(n) = n**2 + 5*n - 8. What is the remainder when 62 is divided by v(z)?
14
Let f(b) = 4*b**3 + 2*b - 5*b**2 - 3*b**3 + 0*b**2 - 4 + 3*b**2. Let o be f(4). Suppose -m = m - o. What is the remainder when 34 is divided by m?
16
Let m = -214 - -383. Let t = 241 - m. Calculate the remainder when t is divided by 25.
22
Let v = 292 + -274. Calculate the remainder when 83 is divided by v.
11
Let w(u) = -u**2 + 11*u + 13. Suppose 5*t = -c + 22, 42 = 3*c - 5*t + 16. Let x = -8 + c. What is the remainder when w(11) is divided by x?
1
Let s(m) = 17*m**2 - 2*m + 9. Calculate the remainder when 34 is divided by s(0).
7
Suppose 8*m - 12*m = 2*f - 124, m = -3*f + 36. Calculate the remainder when m is divided by 9.
3
Suppose 12*n = 27 + 33. Calculate the remainder when 33 is divided by n.
3
Suppose 3*p - 3*i - 1 = 7*p, p + 7 = -3*i. Suppose -3*g - 4*z = -p*z - 141, 2*z - 92 = -2*g. What is the remainder when g is divided by 21?
7
Let f = 2049 + -1905. Calculate the remainder when f is divided by 35.
4
Let w be 144/(0 - -3) - 2. Suppose 2*k = 5*u - u + 46, -2*k + u + w = 0. What is the remainder when k is divided by (4/3)/(28/126)?
5
Let n = 1024 + -1012. Calculate the remainder when 90 is divided by n.
6
Let s(g) = g + 4. Let y(t) = 4*t + 17. Let l(d) = -9*s(d) + 2*y(d). Let o be l(-4). Suppose 4 + 4 = o*f. What is the remainder when 9 is divided by f?
1
Suppose 0 = 18*p - 223 - 1667. Calculate the remainder when p is divided by 30.
15
Let h(z) = -27*z - 306. Calculate the remainder when h(-12) is divided by 7.
4
Suppose -2*n - n - 7 = -2*q, -20 = 5*q. Let k = n + -4. Let c = k + 13. What is the remainder when 13 is divided by c?
1
Suppose -99 = 6*a + 123. Let r = a + 87. What is the remainder when r is divided by 13?
11
Let y = 63 + -34. Suppose 12*s - 8*s - 16 = -f, 0 = -4*s. Calculate the remainder when y is divided by f.
13
Suppose 6*v - 536 = -2*v. What is the remainder when 158 is divided by v?
24
Let w = 51 + -31. What is the remainder when w is divided by 0 + 3 - (11 + -19)?
9
Let s be (1 - -14)*1320/75. Suppose -2*m = 4*f - 616 + 88, -2*f + s = -2*m. What is the remainder when f is divided by 19?
18
Let o(s) = -s**3 + 4*s**2 + 24*s + 7. What is the remainder when (333/3 - 1) + -2 is divided by o(7)?
24
Let c = -46 - -51. Suppose -4*b - 467 = -c*g - 78, -5*g - 4*b + 381 = 0. Calculate the remainder when g is divided by 26.
25
Suppose -2001 = -11*g - 318. What is the remainder when g is divided by 22?
21
Let g be 3328/24 + (-4)/(-3). Let p be (3 - 15/9)*6. Calculate the remainder when g/p - 3/6 is divided by 5.
2
Let m be (-12)/(-28) - (-132)/(-14). What is the remainder when 7 is divided by (1 + 0)*(m - -13)?
3
Suppose 5*x = -u + 140, 0 = 4*u - 24 + 4. Let j = -17 - -22. Let z = 12 - j. What is the remainder when x is divided by z?
6
Suppose -41 = -10*t + 169. Calculate the remainder when 206 is divided by t.
17
Let f(t) = t**2 + t. Suppose 2*l - 8 = -0. Calculate the remainder when 39 is divided by f(l).
19
Suppose -3*r = -9 - 0. Suppose 24 = 3*t + 5*h, -r*h + 43 = 5*t - t. Suppose 4*d = 5*d - t. What is the remainder when 24 is divided by d?
11
Let d be (-234)/(54/12*1/3). Let x = d - -218. Calculate the remainder when x is divided by 21.
20
Let a(z) = -z**2 + 21*z + 328. Calculate the remainder when 128 is divided by a(-10).
2
Let l = -1 - -4. Suppose 0 = 3*p - 2*s + 21 - 152, 3*s = -l. Calculate the remainder when p is divided by 9.
7
Let s = 80 - 75. What is the remainder when s/(10/(-4)) - 1*-53 is divided by 14 + (1*-2)/2?
12
Let q be 8/(-2) + 2 - -126. Suppose 3*z - z - q = 0. Calculate the remainder when z is divided by 22.
18
Let m = -150 + 160. What is the remainder when 84 is divided by m?
4
Let t(w) = -19*w + 26. Let v(u) = u**2 - 2*u. Let m be v(5). Calculate the remainder when 37/3 - 5/m is divided by t(1).
5
Let k(y) = 2*y + 71. Let l be k(-32). Calculate the remainder when 19 is divided by (l + -1)/(-3) - 32/(-2).
5
Let z be (-126)/15 + 2/5. Let f = -3 - z. Let d(b) = 3*b - 52. Calculate the remainder when d(20) is divided by f.
3
Let g = 20 + -16. Calculate the remainder when 106 is divided by g.
2
Suppose -4*n + 130 = -3*v, -37 = -n - 0*n + 3*v. Calculate the remainder when n is divided by 11.
9
Let r(t) = t**2 - 5*t + 3. What is the remainder when r(-4) is divided by -9 - -2 - (-3 - 24)?
19
Suppose 26*m - 9*m = 119. Calculate the remainder when m is divided by 4.
3
Suppose -4*m = 4*v - 228, 4*m = -m - v + 305. Let y = 9 + -24. Let a = y - -47. What is the remainder when m is divided by a?
30
Suppose -3*l = n - 2 - 2, 4 = 5*l + 3*n. Let k(v) = -6*v**2 - 3 + 7*v**l + 6*v**2 + 4*v. Calculate the remainder when k(2) is divided by 9.
6
Let t(j) = -j**3 + 9*j**2 - 3*j - 11. Let o be t(6). Let u = -71 + o. Calculate the remainder when 29 is divided by u.
5
Suppose -5*l - 5*k = -510, -2*k - 905 = -5*l - 367. Suppose -2*m - 10 = 0, 2*f + 3*m - 34 = 25. What is the remainder when l is divided by f?
32
Let w(a) = a**3 + 7*a**2 + 6*a - 1. Let l be w(-6). Calculate the remainder when 1/l + 1736/14 is divided by 25.
23
Su